{"id":303,"date":"2022-01-26T09:02:20","date_gmt":"2022-01-26T09:02:20","guid":{"rendered":"https:\/\/preciografico.com\/?page_id=303"},"modified":"2022-01-28T17:16:34","modified_gmt":"2022-01-28T17:16:34","slug":"politica-de-cookies","status":"publish","type":"page","link":"https:\/\/preciografico.com\/index.php\/politica-de-cookies\/","title":{"rendered":"Politica de cookies"},"content":{"rendered":"\n<p><strong>Normativa sobre el uso de cookies<\/strong><\/p>\n\n\n\n<p>Esta Pol\u00edtica de Cookies es parte integrante del Aviso Legal y la Pol\u00edtica de Privacidad de Precio Grafico, S.L.. El acceso y la navegaci\u00f3n en el sitio, o el uso de los servicios del mismo, implican la aceptaci\u00f3n de las Condiciones Generales establecidas en nuestro Aviso Legal (y por tanto de la Pol\u00edtica de Privacidad y Pol\u00edtica de Cookies). Por favor, l\u00e9elas atentamente.<\/p>\n\n\n\n<p><br>Le agradecemos que haya decidido visitarnos. Queremos que su experiencia en el sitio sea lo mejor posible, y por ese motivo hemos redactado, en cumplimiento del apartado segundo del art\u00edculo 22 de la Ley 34\/2002, de 11 de julio, de servicios de la sociedad de la informaci\u00f3n y de comercio electr\u00f3nico (en adelante, LSSI), esta Pol\u00edtica de Cookies de la forma m\u00e1s clara, transparente, completa y comprensible posible.<\/p>\n\n\n\n<p><\/p>\n\n\n\n<p><strong>\u00bfQu\u00e9 es una Cookie?<\/strong><\/p>\n\n\n\n<p>Este sitio web utiliza cookies y\/o tecnolog\u00edas similares que almacenan y recuperan informaci\u00f3n cuando navega. En general, estas tecnolog\u00edas pueden servir para finalidades muy diversas, como, por ejemplo, reconocerle como usuario, obtener informaci\u00f3n sobre sus h\u00e1bitos de navegaci\u00f3n, o personalizar la forma en que se muestra el contenido.<\/p>\n\n\n\n<p><br>Las cookies son archivos que contienen peque\u00f1as cantidades de informaci\u00f3n que se descargan en el navegador o en el dispositivo del usuario que se utiliza (smartphone, tablet o televisi\u00f3n conectada) cuando visita un sitio web. Su finalidad principal es almacenar informaci\u00f3n sobre su visita y reconocer al usuario cada vez que accede al sitio web. Nos permite, adem\u00e1s, mejorar la calidad y la usabilidad de nuestra web.<\/p>\n\n\n\n<p><br>Las cookies son esenciales para el funcionamiento de Internet; no pueden da\u00f1ar el equipo\/dispositivo del usuario y, si se encuentran activadas en la configuraci\u00f3n de tu navegador, nos ayudan a identificar y resolver posibles errores de funcionamiento de S\u00ed.<\/p>\n\n\n\n<p><br>Como la mayor\u00eda de los sitios en internet, este sitio web utiliza Cookies para asegurar que la p\u00e1gina web funcione correctamente, para almacenar las preferencias, como, por ejemplo, el idioma que ha seleccionado o el tama\u00f1o de letra, para conocer la experiencia de navegaci\u00f3n del usuario, para recopilar informaci\u00f3n estad\u00edstica an\u00f3nima, como, por ejemplo, qu\u00e9 p\u00e1ginas ha visitado el usuario o cu\u00e1nto tiempo ha permanecido en el sitio web.<\/p>\n\n\n\n<p><\/p>\n\n\n\n<p><strong>Tipos de Cookies<\/strong><\/p>\n\n\n\n<p>Hay diferentes tipos de cookies. Todos ellos trabajan de la misma manera, pero tienen peque\u00f1as diferencias:<\/p>\n\n\n\n<ul class=\"wp-block-list\"><li><strong>Cookies de Sesi\u00f3n:<\/strong> son aquellas dise\u00f1adas para recabar y almacenar datos mientras el usuario accede a una p\u00e1gina web. Se suelen emplear para almacenar informaci\u00f3n que solo interesa conservar para la prestaci\u00f3n del servicio solicitado por el usuario en una sola ocasi\u00f3n (por ejemplo, una lista de productos adquiridos) y desaparecen al terminar la sesi\u00f3n. Las cookies de sesi\u00f3n duran solamente por la duraci\u00f3n de su visita y se borran<br>cuando cierra el navegador. Su finalidad principal es identificar el tipo de dispositivo, apoyar la seguridad sitio web o su funcionalidad b\u00e1sica. No contienen informaci\u00f3n personal que nos permita identificar a una persona.<\/li><\/ul>\n\n\n\n<ul class=\"wp-block-list\"><li><strong>Cookies Persistentes o Permanentes: <\/strong>son aquellas en las que los datos siguen almacenados en el terminal y pueden ser accedidos y tratados durante un periodo definido por el responsable de la cookie, y que puede ir de unos minutos a varios a\u00f1os. Se almacenan en el disco duro del dispositivo y nuestra web las lee cada vez que realiza una nueva visita al sitio web; posee una fecha de caducidad o expiraci\u00f3n determinada, cumplida la cual la cookie deja de funcionar. Nos permiten identificar sus acciones y preferencias; analizar las visitas y nos ayudan a comprender c\u00f3mo llegan los usuarios a nuestra p\u00e1gina y mejorar nuestros servicios.<\/li><\/ul>\n\n\n\n<ul class=\"wp-block-list\"><li><strong>Cookies T\u00e9cnicas, estrictamente necesarias: <\/strong>(exceptuadas del cumplimiento de las obligaciones establecidas en el art\u00edculo 22.2 de la LSSI cuando permitan prestar el servicio solicitado por el usuario). Son aquellas que permiten al usuario la navegaci\u00f3n a trav\u00e9s de<br>una p\u00e1gina web, plataforma o aplicaci\u00f3n y la utilizaci\u00f3n de las diferentes opciones o servicios que en ella existan, incluyendo aquellas que el editor utiliza para permitir la gesti\u00f3n y operativa de la p\u00e1gina web y habilitar sus funciones y servicios, como, por ejemplo, controlar el tr\u00e1fico y la comunicaci\u00f3n de datos, identificar la sesi\u00f3n, acceder a partes de acceso restringido, recordar los elementos que integran un pedido, realizar el<br>proceso de compra de un pedido, gestionar el pago, controlar el fraude vinculado a la seguridad del servicio, realizar la solicitud de inscripci\u00f3n o participaci\u00f3n en un evento, contar visitas a efectos de la facturaci\u00f3n de licencias del software con el que funciona el servicio (sitio web, plataforma o aplicaci\u00f3n), utilizar elementos de seguridad durante la navegaci\u00f3n, almacenar contenidos para la difusi\u00f3n de v\u00eddeos o sonido, habilitar contenidos<br>din\u00e1micos (por ejemplo, animaci\u00f3n de carga de un texto o imagen) o compartir contenidos a trav\u00e9s de redes sociales.<\/li><\/ul>\n\n\n\n<ul class=\"wp-block-list\"><li><strong>Cookies de preferencias o personalizaci\u00f3n:<\/strong> son aquellas que permiten recordar informaci\u00f3n para que el usuario acceda al servicio con determinadas caracter\u00edsticas que pueden diferenciar su experiencia de la de otros usuarios, como, por ejemplo, el idioma, el n\u00famero de resultados a mostrar cuando el usuario realiza una b\u00fasqueda, el aspecto o contenido del servicio en funci\u00f3n del tipo de navegador a trav\u00e9s del cual el usuario accede al servicio o de la regi\u00f3n desde la que accede al servicio, etc.<\/li><\/ul>\n\n\n\n<ul class=\"wp-block-list\"><li><strong>Cookies de geo-localizaci\u00f3n:<\/strong> se utilizan para averiguar en qu\u00e9 pa\u00eds o regi\u00f3n se encuentra el usuario cuando accede a un servicio del sitio web con el fin de ofrecerle contenidos o servicios adecuados a su localizaci\u00f3n.<\/li><\/ul>\n\n\n\n<ul class=\"wp-block-list\"><li><strong>Cookies de an\u00e1lisis o medici\u00f3n:<\/strong> son aquellas que permiten al responsable de las mismas el seguimiento y an\u00e1lisis del comportamiento de los usuarios de los sitios web a los que est\u00e1n vinculadas, incluida la cuantificaci\u00f3n de los impactos de los anuncios. La informaci\u00f3n recogida mediante este tipo de cookies se utiliza en la medici\u00f3n de la actividad de los sitios web, aplicaci\u00f3n o plataforma, con el fin de introducir mejoras en funci\u00f3n del an\u00e1lisis de los datos de uso que hacen los usuarios del servicio.<\/li><\/ul>\n\n\n\n<ul class=\"wp-block-list\"><li><strong>Cookies de publicidad comportamental: <\/strong>son aquellas que almacenan informaci\u00f3n del comportamiento de los usuarios obtenida a trav\u00e9s de la observaci\u00f3n continuada de sus h\u00e1bitos de navegaci\u00f3n, lo que permite desarrollar un perfil espec\u00edfico para mostrar publicidad en funci\u00f3n del mismo.<ul><li><strong>An\u00f3nimas:<\/strong> s\u00f3lo recopilan informaci\u00f3n sobre los espacios publicitarios mostrados en el<br>sitio web, con independencia del usuario que accede al sitio web, es decir, sin<br>identificarle expresamente.<\/li><li><strong>Personalizadas:<\/strong> recopilan informaci\u00f3n personal del usuario del sitio web por<br>parte de un tercero, para la personalizaci\u00f3n de dichos espacios publicitarios.<\/li><\/ul><\/li><\/ul>\n\n\n\n<ul class=\"wp-block-list\"><li><strong>Cookies de Funcionalidad: <\/strong>permiten recordar decisiones adoptadas por el usuario, como su login o identificador. La informaci\u00f3n de estas cookies recogen se anonimiza (es decir, no contiene ni tu nombre, direcci\u00f3n, u otros datos).<\/li><\/ul>\n\n\n\n<ul class=\"wp-block-list\"><li><strong>Cookies Propias: <\/strong>son aquellas que se env\u00edan al equipo terminal del usuario desde un equipo o dominio gestionado por el propio editor y desde el que se presta el servicio solicitado por el usuario.<\/li><\/ul>\n\n\n\n<ul class=\"wp-block-list\"><li><strong>Cookies de Terceros: <\/strong>las cookies de terceros son las cookies que instala un sitio web que no es el que est\u00e1s visitando; por ejemplo, las usadas por redes sociales (como Facebook) o por complementos externos de contenido (como Google Maps). Adem\u00e1s, algunas empresas de publicidad usan este tipo de archivos para realizar un seguimiento de tus visitas en cada sitio en el que se anuncian.<\/li><\/ul>\n\n\n\n<p><\/p>\n\n\n\n<p><strong>Uso de Cookies por parte de S\u00ed<\/strong><\/p>\n\n\n\n<p>Mediante el acceso a S\u00ed, acepta de manera expresa que podamos usar este tipo de cookies en sus dispositivos. Si desactiva las cookies, puede que su navegaci\u00f3n por no sea \u00f3ptima y algunas de las utilidades que dispone no funcionen correctamente.<\/p>\n\n\n\n<p><strong>a) Cookies propias<\/strong>:<\/p>\n\n\n\n<p>Con el fin de reconocerle y prestarle un mejor servicio, nuestro sitio utiliza cookies propias (peque\u00f1os archivos de texto que su navegador almacena). Las ventajas que conlleva la aceptaci\u00f3n de nuestras cookies se traduce en un ahorro de tiempo.<\/p>\n\n\n\n<p><br>Asimismo pueden ser utilizadas tambi\u00e9n para reconocerle entre visitas sucesivas y as\u00ed adaptar el contenido que se le muestra, para obtener informaci\u00f3n acerca de la fecha y hora de su \u00faltima visita, medir algunos par\u00e1metros de tr\u00e1fico dentro del propio sitio, y estimar el n\u00famero de visitas realizadas, de manera que podamos enfocar y ajustar los servicios y promociones de forma m\u00e1s efectiva.<\/p>\n\n\n\n<p><br>Ninguna cookie permite que pueda contactarse con su n\u00famero de tel\u00e9fono, su direcci\u00f3n de correo electr\u00f3nico o con cualquier otro medio de contacto. Ninguna cookie puede extraer informaci\u00f3n de su disco duro o robar informaci\u00f3n personal.<\/p>\n\n\n\n<p class=\"has-text-align-center\"><strong>COOKIES PROPIAS Y ESTRICTAMENTE NECESARIAS<\/strong><\/p>\n\n\n\n<figure class=\"wp-block-table is-style-stripes\"><table><tbody><tr><td>Nombre<\/td><td>Prop\u00f3sito <\/td><td>Duraci\u00f3n<\/td><\/tr><tr><td>CookieConsent<\/td><td>Almacena el estado de consentimiento de cookies del usuario para el dominio actual<\/td><td>1 a\u00f1o<\/td><\/tr><tr><td>elementor<\/td><td>Utilizada en relaci\u00f3n al tema de WordPress de la web. La cookie permite al propietario de la web implementar o cambiar el contenido de la web en tiempo real.<\/td><td>Persistente<\/td><\/tr><\/tbody><\/table><\/figure>\n\n\n\n<p><\/p>\n\n\n\n<p><strong>b) Cookies de Terceros<\/strong>:<\/p>\n\n\n\n<p>Son aquellas que se env\u00edan al equipo terminal del usuario desde un equipo o dominio que no es gestionado por el editor, sino por otra entidad que trata los datos obtenidos trav\u00e9s de las cookies.<\/p>\n\n\n\n<p><\/p>\n\n\n\n<p><strong>Cookies de Google Analytics<\/strong><\/p>\n\n\n\n<p>El sitio utiliza el servicio Google Analytics, que es prestado por Google, Inc., entidad cuya oficina principal est\u00e1 en 1600 Amphitheatre Parkway, Mountain View (California), CA 94043, Estados Unidos (\u00abGoogle\u00bb).<\/p>\n\n\n\n<p><br>Google Analytics utiliza cookies para ayudarnos a analizar el uso que hacen los usuarios del sitio. La informaci\u00f3n que genera la cookie acerca de su uso del sitio (incluyendo su direcci\u00f3n IP) ser\u00e1 directamente transmitida y archivada por Google en sus servidores de Estados Unidos. Google usar\u00e1 esta informaci\u00f3n por cuenta nuestra con el prop\u00f3sito de seguir la pista de su uso del sitio, recopilando informes de la actividad del sitio y prestando<br>otros servicios relacionados con la actividad del sitio y el uso de Internet. Google podr\u00e1 transmitir dicha informaci\u00f3n a terceros cuando as\u00ed se lo requiera la legislaci\u00f3n, o cuandodichos terceros procesen la informaci\u00f3n por cuenta de Google. Google no asociar\u00e1 su direcci\u00f3n IP con ning\u00fan otro dato del que disponga Google.<\/p>\n\n\n\n<p><br>Si lo desea puede rechazar el tratamiento de los datos o la informaci\u00f3n rechazando el uso de cookies mediante la selecci\u00f3n de la configuraci\u00f3n apropiada de su navegador. Sin embargo, si lo hace, puede ser que no pueda usar la plena funcionabilidad de este sitio. Al utilizar este sitio consiente el tratamiento su informaci\u00f3n por Google en la forma y para los fines arriba indicados.<\/p>\n\n\n\n<p><br>M\u00e1s informaci\u00f3n en<a href=\" https:\/\/www.google.es\/intl\/es\/policies\/technologies\/cookies\/\"> https:\/\/www.google.es\/intl\/es\/policies\/technologies\/cookies\/<\/a> .<br>Google ha desarrollado un complemento que puede instalar en su navegador si desea no<br>ser rastreado por sus cookies: <a href=\"https:\/\/tools.google.com\/dlpage\/gaoptout\">https:\/\/tools.google.com\/dlpage\/gaoptout<\/a><\/p>\n\n\n\n<p class=\"has-text-align-center\"><strong>COOKIES ANAL\u00cdTICAS<\/strong><\/p>\n\n\n\n<figure class=\"wp-block-table is-style-stripes\"><table><thead><tr><th>Nombre<\/th><th>Prop\u00f3sito<\/th><\/tr><\/thead><tbody><tr><td>_utma<\/td><td>Se usa para distinguir usuarios y sesiones. La cookie se crea cuando se ejecuta la biblioteca JavaScript y no hay ninguna cookie __utma.<br>La cookie se actualiza cada vez que se env\u00edan datos a GoogleAnalytics.<\/td><\/tr><tr><td>_utmt<\/td><td>Se usa para limitar el porcentaje de solicitudes.<\/td><\/tr><tr><td>_utmb<\/td><td>Se usa para determinar nuevas sesiones o visitas. La cookie se crea cuando se ejecuta la biblioteca JavaScript y no hay ninguna cookie<br>__utmb. La cookie se actualiza cada vez que se env\u00edan datos a Google Analytics.<\/td><\/tr><tr><td>_utmc<\/td><td>No se usa en ga.js. Se configura para interactuar con urchin.js. Anteriormente, esta cookie actuaba junto con la cookie __utmb para<br>determinar si el usuario estaba en una nueva sesi\u00f3n o visita.<\/td><\/tr><tr><td>_utmz<\/td><td>Almacena la fuente de tr\u00e1fico o la campa\u00f1a que explica c\u00f3mo ha llegado el usuario al sitio. La cookie se crea cuando se ejecuta la<br>biblioteca JavaScript y se actualiza cada vez que se env\u00edan datos a Google Analytics.<\/td><\/tr><tr><td>_utmv<\/td><td>Se usa para almacenar datos de variables personalizadas de visitante. Esta cookie se crea cuando un programador usa el m\u00e9todo<br>_setCustomVar con una variable personalizada de visitante. Tambi\u00e9n se usaba para el m\u00e9todo _setVar retirado. La cookie se actualiza cada vez que se env\u00edan datos a Google Analytics.<\/td><\/tr><tr><td>_ga<\/td><td>Se usa para diferenciar entre usuarios y sesiones. La cookie se crea al cargar la librer\u00eda javascript y no existe una versi\u00f3n previa de la<br>cookie _ga. La cookie se actualiza cada vez que envia los datos a Google Analytics.<\/td><\/tr><tr><td>_gat<\/td><td>Se usa para diferenciar entre los diferentes objetos de seguimiento creados en la sesi\u00f3n. La cookie se crea al cargar la librer\u00eda javascript<br>y no existe una versi\u00f3n previa de la cookie _gat. La cookie se actualiza cada vez que envia los datos a Google Analytics.<\/td><\/tr><\/tbody><\/table><\/figure>\n\n\n\n<p><\/p>\n\n\n\n<p><strong>Configuraci\u00f3n del usuario para evitar Cookies.<\/strong><\/p>\n\n\n\n<p>Desde S\u00ed y en cumplimiento de la normativa legal vigente, ponemos a su disposici\u00f3n la informaci\u00f3n que le permita configurar su navegador\/navegadores de Internet para mantener su privacidad y seguridad en relaci\u00f3n a las cookies. Por ello, le facilitamos la informaci\u00f3n y<br>enlaces a los sitos de soporte oficiales de los principales navegadores para que pueda decidir si desea o no aceptar el uso de cookies.<\/p>\n\n\n\n<p><br>As\u00ed, puede bloquear las cookies a trav\u00e9s de las herramientas de configuraci\u00f3n del navegador (todos los navegadores modernos permiten cambiar la configuraci\u00f3n de Cookies. Estos ajustes normalmente se encuentran en las \u201cOpciones\u201d o \u201cPreferencias\u201d del men\u00fa del navegador) o bien puede configurar su navegador para que le avise cuando un servidor quiera guardar una cookie:<\/p>\n\n\n\n<p>a) Si utiliza Microsoft Internet Explorer, en la opci\u00f3n de men\u00fa Herramientas &gt; Opciones de Internet &gt; Privacidad &gt; Configuraci\u00f3n. Para saber m\u00e1s visite <a href=\"https:\/\/support.microsoft.com\/es-es\/help\/17442\/windows-internet-explorer-delete-manage-cookies\">https:\/\/support.microsoft.com\/es-es\/help\/17442\/windows-internet-explorer-delete-manage-cookies<\/a><\/p>\n\n\n\n<p>b) Si utiliza Mozilla Firefox, en la opci\u00f3n de men\u00fa Herramientas &gt; Opciones &gt; Privacidad &gt; Cookies. Para saber m\u00e1s visite h<a href=\"ttps:\/\/support.mozilla.org\/es\/kb\/Deshabilitar%20cookies%20de%20terceros\">ttps:\/\/support.mozilla.org\/es\/kb\/Deshabilitar%20cookies%20de%20terceros<\/a><\/p>\n\n\n\n<p>c) Si utiliza Google Chrome, en la secci\u00f3n de Opciones &gt; Opciones avanzadas &gt;Privacidad. Para saber m\u00e1s visite<br>h<a href=\"ttp:\/\/support.google.com\/chrome\/bin\/answer.py?hl=es&amp;answer=95647\">ttp:\/\/support.google.com\/chrome\/bin\/answer.py?hl=es&amp;answer=95647<\/a><\/p>\n\n\n\n<p>d) Si utiliza Opera, en la opci\u00f3n de Seguridad y Privacidad, podr\u00e1 configurar el navegador. Para saber m\u00e1s visite<br><a href=\"http:\/\/www.opera.com\/help\/tutorials\/security\/cookies\/\">http:\/\/www.opera.com\/help\/tutorials\/security\/cookies\/<\/a><\/p>\n\n\n\n<p>e) Si utiliza Apple Safari, en la opci\u00f3n Preferencias &gt; Seguridad o Privacidad, podr\u00e1 configurar Navegador. Para saber mas visite<br><a href=\"https:\/\/support.apple.com\/kb\/PH21411?viewlocale=es_ES&amp;locale=es_ES\">https:\/\/support.apple.com\/kb\/PH21411?viewlocale=es_ES&amp;locale=es_ES<\/a><\/p>\n\n\n\n<p>f) Si desea deshabilitar Google Universal Analytics, puede instalar la siguiente extensi\u00f3n proporcionada por Google: <a href=\"https:\/\/tools.google.com\/dlpage\/gaoptout\">https:\/\/tools.google.com\/dlpage\/gaoptout<\/a><\/p>\n\n\n\n<p><\/p>\n\n\n\n<p>Algunas funcionalidades y servicios pueden quedar deshabilitados o tener un comportamiento diferente al esperado como, por ejemplo, permanecer  identificado, mantener las compras en el\u201ccarrito de la compra\u201d en un servicio de comercio electr\u00f3nico o recibir informaci\u00f3n dirigida a su localizaci\u00f3n, entre otros.<\/p>\n\n\n\n<p><br>Si deshabilita el uso de Cookies en este sitio web es probable que deje de poder acceder a ciertas zonas del mismo o que se degrade notablemente la experiencia de navegaci\u00f3n en el mismo.<\/p>\n\n\n\n<p><\/p>\n\n\n\n<p><\/p>\n\n\n\n<p><\/p>\n\n\n\n<p><\/p>\n\n\n\n<p><\/p>\n","protected":false},"excerpt":{"rendered":"<p>Normativa sobre el uso de cookies Esta Pol\u00edtica de Cookies es parte integrante del Aviso Legal y la Pol\u00edtica de Privacidad de Precio Grafico, S.L.. El acceso y la navegaci\u00f3n en el sitio, o el uso de los servicios del mismo, implican la aceptaci\u00f3n de las Condiciones Generales establecidas en nuestro Aviso Legal (y por &#8230; <a title=\"Politica de cookies\" class=\"read-more\" href=\"https:\/\/preciografico.com\/index.php\/politica-de-cookies\/\" aria-label=\"M\u00e1s en Politica de cookies\">Leer m\u00e1s<\/a><\/p>\n","protected":false},"author":1,"featured_media":0,"parent":0,"menu_order":0,"comment_status":"closed","ping_status":"closed","template":"","meta":{"om_disable_all_campaigns":false,"_mi_skip_tracking":false,"_monsterinsights_sitenote_active":false,"_monsterinsights_sitenote_note":"","_monsterinsights_sitenote_category":0,"footnotes":""},"class_list":["post-303","page","type-page","status-publish"],"aioseo_notices":[],"_links":{"self":[{"href":"https:\/\/preciografico.com\/index.php\/wp-json\/wp\/v2\/pages\/303","targetHints":{"allow":["GET"]}}],"collection":[{"href":"https:\/\/preciografico.com\/index.php\/wp-json\/wp\/v2\/pages"}],"about":[{"href":"https:\/\/preciografico.com\/index.php\/wp-json\/wp\/v2\/types\/page"}],"author":[{"embeddable":true,"href":"https:\/\/preciografico.com\/index.php\/wp-json\/wp\/v2\/users\/1"}],"replies":[{"embeddable":true,"href":"https:\/\/preciografico.com\/index.php\/wp-json\/wp\/v2\/comments?post=303"}],"version-history":[{"count":3,"href":"https:\/\/preciografico.com\/index.php\/wp-json\/wp\/v2\/pages\/303\/revisions"}],"predecessor-version":[{"id":330,"href":"https:\/\/preciografico.com\/index.php\/wp-json\/wp\/v2\/pages\/303\/revisions\/330"}],"wp:attachment":[{"href":"https:\/\/preciografico.com\/index.php\/wp-json\/wp\/v2\/media?parent=303"}],"curies":[{"name":"wp","href":"https:\/\/api.w.org\/{rel}","templated":true}]}}